{"id":103,"date":"2025-10-19T18:14:13","date_gmt":"2025-10-19T18:14:13","guid":{"rendered":"https:\/\/entre-les-lignes.ovh\/?page_id=103"},"modified":"2025-10-19T18:42:57","modified_gmt":"2025-10-19T18:42:57","slug":"entre-les-pensees","status":"publish","type":"page","link":"https:\/\/entre-les-lignes.ovh\/index.php\/entre-les-pensees\/","title":{"rendered":"Entre les pens\u00e9es"},"content":{"rendered":"\t\t<div data-elementor-type=\"wp-page\" data-elementor-id=\"103\" class=\"elementor elementor-103\">\n\t\t\t\t<div class=\"elementor-element elementor-element-13e88a7 e-flex e-con-boxed e-con e-parent\" data-id=\"13e88a7\" data-element_type=\"container\" data-settings=\"{&quot;background_background&quot;:&quot;classic&quot;}\">\n\t\t\t\t\t<div class=\"e-con-inner\">\n\t\t\t\t<div class=\"elementor-element elementor-element-79a2602 elementor-widget elementor-widget-heading\" data-id=\"79a2602\" data-element_type=\"widget\" data-widget_type=\"heading.default\">\n\t\t\t\t\t<h2 class=\"elementor-heading-title elementor-size-default\">Entre les lignes<\/h2>\t\t\t\t<\/div>\n\t\t\t\t<div class=\"elementor-element elementor-element-0ec396c elementor-widget elementor-widget-heading\" data-id=\"0ec396c\" data-element_type=\"widget\" data-widget_type=\"heading.default\">\n\t\t\t\t\t<h2 class=\"elementor-heading-title elementor-size-default\">Des mots, des \u00e9motions, des id\u00e9es. Un peu de tout, un peu de moi.<\/h2>\t\t\t\t<\/div>\n\t\t\t\t\t<\/div>\n\t\t\t\t<\/div>\n\t\t<div class=\"elementor-element elementor-element-e772392 e-flex e-con-boxed e-con e-parent\" data-id=\"e772392\" data-element_type=\"container\">\n\t\t\t\t\t<div class=\"e-con-inner\">\n\t\t\t\t<div class=\"elementor-element elementor-element-1154a3f elementor-widget-divider--view-line elementor-widget elementor-widget-divider\" data-id=\"1154a3f\" data-element_type=\"widget\" data-widget_type=\"divider.default\">\n\t\t\t\t\t\t\t<div class=\"elementor-divider\">\n\t\t\t<span class=\"elementor-divider-separator\">\n\t\t\t\t\t\t<\/span>\n\t\t<\/div>\n\t\t\t\t\t\t<\/div>\n\t\t\t\t\t<\/div>\n\t\t\t\t<\/div>\n\t\t<div class=\"elementor-element elementor-element-b672c88 e-flex e-con-boxed e-con e-parent\" data-id=\"b672c88\" data-element_type=\"container\">\n\t\t\t\t\t<div class=\"e-con-inner\">\n\t\t\t\t<div class=\"elementor-element elementor-element-6b44439 elementor-widget elementor-widget-button\" data-id=\"6b44439\" data-element_type=\"widget\" data-widget_type=\"button.default\">\n\t\t\t\t\t\t\t\t\t\t<a class=\"elementor-button elementor-button-link elementor-size-sm elementor-animation-grow\" href=\"https:\/\/entre-les-lignes.ovh\/index.php\/entre-les-mondes\/\">\n\t\t\t\t\t\t<span class=\"elementor-button-content-wrapper\">\n\t\t\t\t\t\t\t\t\t<span class=\"elementor-button-text\">Entre les mondes<\/span>\n\t\t\t\t\t<\/span>\n\t\t\t\t\t<\/a>\n\t\t\t\t\t\t\t\t<\/div>\n\t\t\t\t<div class=\"elementor-element elementor-element-1911198 elementor-widget elementor-widget-button\" data-id=\"1911198\" data-element_type=\"widget\" data-widget_type=\"button.default\">\n\t\t\t\t\t\t\t\t\t\t<a class=\"elementor-button elementor-button-link elementor-size-sm elementor-animation-grow\" href=\"https:\/\/entre-les-lignes.ovh\/index.php\/entre-les-pensees\/\">\n\t\t\t\t\t\t<span class=\"elementor-button-content-wrapper\">\n\t\t\t\t\t\t\t\t\t<span class=\"elementor-button-text\">Entre les pens\u00e9es<\/span>\n\t\t\t\t\t<\/span>\n\t\t\t\t\t<\/a>\n\t\t\t\t\t\t\t\t<\/div>\n\t\t\t\t<div class=\"elementor-element elementor-element-5867085 elementor-widget elementor-widget-button\" data-id=\"5867085\" data-element_type=\"widget\" data-widget_type=\"button.default\">\n\t\t\t\t\t\t\t\t\t\t<a class=\"elementor-button elementor-button-link elementor-size-sm elementor-animation-grow\" href=\"https:\/\/entre-les-lignes.ovh\/index.php\/entre-les-plans\/\">\n\t\t\t\t\t\t<span class=\"elementor-button-content-wrapper\">\n\t\t\t\t\t\t\t\t\t<span class=\"elementor-button-text\">Entre les plans<\/span>\n\t\t\t\t\t<\/span>\n\t\t\t\t\t<\/a>\n\t\t\t\t\t\t\t\t<\/div>\n\t\t\t\t<div class=\"elementor-element elementor-element-e5229b4 elementor-widget elementor-widget-button\" data-id=\"e5229b4\" data-element_type=\"widget\" data-widget_type=\"button.default\">\n\t\t\t\t\t\t\t\t\t\t<a class=\"elementor-button elementor-button-link elementor-size-sm elementor-animation-grow\" href=\"https:\/\/entre-les-lignes.ovh\/index.php\/acceuil\/\">\n\t\t\t\t\t\t<span class=\"elementor-button-content-wrapper\">\n\t\t\t\t\t\t\t\t\t<span class=\"elementor-button-text\">Accueil<\/span>\n\t\t\t\t\t<\/span>\n\t\t\t\t\t<\/a>\n\t\t\t\t\t\t\t\t<\/div>\n\t\t\t\t\t<\/div>\n\t\t\t\t<\/div>\n\t\t<div class=\"elementor-element elementor-element-8ecefe6 e-flex e-con-boxed e-con e-parent\" data-id=\"8ecefe6\" data-element_type=\"container\">\n\t\t\t\t\t<div class=\"e-con-inner\">\n\t\t\t\t<div class=\"elementor-element elementor-element-58ea286 elementor-widget-divider--view-line elementor-widget elementor-widget-divider\" data-id=\"58ea286\" data-element_type=\"widget\" data-widget_type=\"divider.default\">\n\t\t\t\t\t\t\t<div class=\"elementor-divider\">\n\t\t\t<span class=\"elementor-divider-separator\">\n\t\t\t\t\t\t<\/span>\n\t\t<\/div>\n\t\t\t\t\t\t<\/div>\n\t\t\t\t\t<\/div>\n\t\t\t\t<\/div>\n\t\t<div class=\"elementor-element elementor-element-a5dc218 e-flex e-con-boxed e-con e-parent\" data-id=\"a5dc218\" data-element_type=\"container\" data-settings=\"{&quot;background_background&quot;:&quot;classic&quot;}\">\n\t\t\t\t\t<div class=\"e-con-inner\">\n\t\t\t\t<div class=\"elementor-element elementor-element-f84c114 elementor-widget elementor-widget-heading\" data-id=\"f84c114\" data-element_type=\"widget\" data-widget_type=\"heading.default\">\n\t\t\t\t\t<h2 class=\"elementor-heading-title elementor-size-default\">Entre les pens\u00e9es<\/h2>\t\t\t\t<\/div>\n\t\t\t\t<div class=\"elementor-element elementor-element-609bf2b elementor-widget elementor-widget-text-editor\" data-id=\"609bf2b\" data-element_type=\"widget\" data-widget_type=\"text-editor.default\">\n\t\t\t\t\t\t\t\t\t<p>Un refuge pour sonder l\u2019esprit et caresser les \u00e9motions.<br data-start=\"170\" data-end=\"173\" \/>Psychologie, r\u00e9flexions personnelles et \u00e9clats du quotidien s\u2019y entrelacent, d\u00e9voilant les nuances d\u00e9licates et les territoires invisibles de la pens\u00e9e humaine.<\/p>\t\t\t\t\t\t\t\t<\/div>\n\t\t\t\t\t<\/div>\n\t\t\t\t<\/div>\n\t\t<div class=\"elementor-element elementor-element-629f939 e-flex e-con-boxed e-con e-parent\" data-id=\"629f939\" data-element_type=\"container\">\n\t\t\t\t\t<div class=\"e-con-inner\">\n\t\t\t\t<div class=\"elementor-element elementor-element-e3e1799 elementor-widget-divider--view-line elementor-widget elementor-widget-divider\" data-id=\"e3e1799\" data-element_type=\"widget\" data-widget_type=\"divider.default\">\n\t\t\t\t\t\t\t<div class=\"elementor-divider\">\n\t\t\t<span class=\"elementor-divider-separator\">\n\t\t\t\t\t\t<\/span>\n\t\t<\/div>\n\t\t\t\t\t\t<\/div>\n\t\t\t\t\t<\/div>\n\t\t\t\t<\/div>\n\t\t<div class=\"elementor-element elementor-element-e0284ad e-flex e-con-boxed e-con e-parent\" data-id=\"e0284ad\" data-element_type=\"container\" data-settings=\"{&quot;background_background&quot;:&quot;classic&quot;}\">\n\t\t\t\t\t<div class=\"e-con-inner\">\n\t\t\t\t<div class=\"elementor-element elementor-element-be7a0f5 elementor-widget elementor-widget-text-editor\" data-id=\"be7a0f5\" data-element_type=\"widget\" data-widget_type=\"text-editor.default\">\n\t\t\t\t\t\t\t\t\t<p><strong>\u00ab Ce que nous appelons hasard n\u2019est que la logique secr\u00e8te de l\u2019inconscient. \u00bb<\/strong><br data-start=\"423\" data-end=\"426\" \/><strong>\u2014 <em data-start=\"430\" data-end=\"448\">Carl Gustav Jung<\/em><\/strong><\/p>\t\t\t\t\t\t\t\t<\/div>\n\t\t\t\t\t<\/div>\n\t\t\t\t<\/div>\n\t\t<div class=\"elementor-element elementor-element-f4581fc e-flex e-con-boxed e-con e-parent\" data-id=\"f4581fc\" data-element_type=\"container\">\n\t\t\t\t\t<div class=\"e-con-inner\">\n\t\t\t\t<div class=\"elementor-element elementor-element-40c3f38 elementor-widget-divider--view-line elementor-widget elementor-widget-divider\" data-id=\"40c3f38\" data-element_type=\"widget\" data-widget_type=\"divider.default\">\n\t\t\t\t\t\t\t<div class=\"elementor-divider\">\n\t\t\t<span class=\"elementor-divider-separator\">\n\t\t\t\t\t\t<\/span>\n\t\t<\/div>\n\t\t\t\t\t\t<\/div>\n\t\t\t\t\t<\/div>\n\t\t\t\t<\/div>\n\t\t<div class=\"elementor-element elementor-element-f589bf9 e-flex e-con-boxed e-con e-parent\" data-id=\"f589bf9\" data-element_type=\"container\" data-settings=\"{&quot;background_background&quot;:&quot;classic&quot;}\">\n\t\t\t\t\t<div class=\"e-con-inner\">\n\t\t\t\t<div class=\"elementor-element elementor-element-94b5863 elementor-widget-divider--view-line elementor-widget elementor-widget-divider\" data-id=\"94b5863\" data-element_type=\"widget\" data-widget_type=\"divider.default\">\n\t\t\t\t\t\t\t<div class=\"elementor-divider\">\n\t\t\t<span class=\"elementor-divider-separator\">\n\t\t\t\t\t\t<\/span>\n\t\t<\/div>\n\t\t\t\t\t\t<\/div>\n\t\t\t\t<div class=\"elementor-element elementor-element-67f098a elementor-widget elementor-widget-heading\" data-id=\"67f098a\" data-element_type=\"widget\" data-widget_type=\"heading.default\">\n\t\t\t\t\t<h2 class=\"elementor-heading-title elementor-size-default\"><u>Quelques faits<\/u> <\/h2>\t\t\t\t<\/div>\n\t\t\t\t<div class=\"elementor-element elementor-element-de3495c elementor-widget elementor-widget-text-editor\" data-id=\"de3495c\" data-element_type=\"widget\" data-widget_type=\"text-editor.default\">\n\t\t\t\t\t\t\t\t\t<p><span style=\"text-decoration: underline;\"><a href=\"https:\/\/www.cambridge.org\/core\/journals\/behavioral-and-brain-sciences\/article\/abs\/unconscious-cerebral-initiative-and-the-role-of-conscious-will-in-voluntary-action\/D215D2A77F1140CD0D8DA6AB93DA5499\" target=\"_blank\" rel=\"noopener\">Des \u00e9tudes ont montr\u00e9 que le cerveau d\u00e9cide environ 7 secondes avant que tu sois conscient d\u2019avoir pris une d\u00e9cision.<\/a><\/span><\/p>\t\t\t\t\t\t\t\t<\/div>\n\t\t\t\t<div class=\"elementor-element elementor-element-f38cb9e elementor-widget elementor-widget-text-editor\" data-id=\"f38cb9e\" data-element_type=\"widget\" data-widget_type=\"text-editor.default\">\n\t\t\t\t\t\t\t\t\t<p><a href=\"https:\/\/www.bme.columbia.edu\/news\/why-do-we-remember-emotional-events-better?utm_source=chatgpt.com\" target=\"_blank\" rel=\"noopener\"><span style=\"text-decoration: underline;\">Les gens se souviennent plus de la fa\u00e7on dont tu les as fait se sentir que de ce que tu as dit.<\/span><\/a><\/p>\t\t\t\t\t\t\t\t<\/div>\n\t\t\t\t<div class=\"elementor-element elementor-element-4ba2d8b elementor-widget elementor-widget-text-editor\" data-id=\"4ba2d8b\" data-element_type=\"widget\" data-widget_type=\"text-editor.default\">\n\t\t\t\t\t\t\t\t\t<p><span style=\"text-decoration: underline;\"><a href=\"https:\/\/link.springer.com\/article\/10.1186\/s12889-020-09095-5?utm_source=chatgpt.com\" target=\"_blank\" rel=\"noopener\">Le manque de sommeil alt\u00e8re le jugement comme l\u2019alcool.<\/a><\/span><\/p>\t\t\t\t\t\t\t\t<\/div>\n\t\t\t\t<div class=\"elementor-element elementor-element-35ea58c elementor-widget-divider--view-line elementor-widget elementor-widget-divider\" data-id=\"35ea58c\" data-element_type=\"widget\" data-widget_type=\"divider.default\">\n\t\t\t\t\t\t\t<div class=\"elementor-divider\">\n\t\t\t<span class=\"elementor-divider-separator\">\n\t\t\t\t\t\t<\/span>\n\t\t<\/div>\n\t\t\t\t\t\t<\/div>\n\t\t\t\t\t<\/div>\n\t\t\t\t<\/div>\n\t\t<div class=\"elementor-element elementor-element-3753d50 e-flex e-con-boxed e-con e-parent\" data-id=\"3753d50\" data-element_type=\"container\">\n\t\t\t\t\t<div class=\"e-con-inner\">\n\t\t\t\t<div class=\"elementor-element elementor-element-4d59a3d elementor-position-left elementor-vertical-align-top elementor-widget elementor-widget-image-box\" data-id=\"4d59a3d\" data-element_type=\"widget\" data-widget_type=\"image-box.default\">\n\t\t\t\t\t<div class=\"elementor-image-box-wrapper\"><figure class=\"elementor-image-box-img\"><img fetchpriority=\"high\" decoding=\"async\" width=\"487\" height=\"640\" src=\"https:\/\/entre-les-lignes.ovh\/wp-content\/uploads\/2025\/10\/vintage-1418613_640.png\" class=\"attachment-full size-full wp-image-116\" alt=\"\" srcset=\"https:\/\/entre-les-lignes.ovh\/wp-content\/uploads\/2025\/10\/vintage-1418613_640.png 487w, https:\/\/entre-les-lignes.ovh\/wp-content\/uploads\/2025\/10\/vintage-1418613_640-228x300.png 228w\" sizes=\"(max-width: 487px) 100vw, 487px\" \/><\/figure><div class=\"elementor-image-box-content\"><h3 class=\"elementor-image-box-title\">Entre les pens\u00e9es<\/h3><p class=\"elementor-image-box-description\">\"Entre les pens\u00e9es\" est une rubrique de mon site qui traite de faits et d'\u00e9tudes li\u00e9s a la psychologie. <br>Je me chargerais d'\u00e9claircir le silence que nos cerveaux peuvent nous dire, ou plut\u00f4t, ce qu'ils peuvent nous cacher. C'est ici que les \u00e9motions s'expriment, ici que les r\u00e9flexions prennent du temps, et o\u00f9 les mots tentent de comprendre ce que la raison peine \u00e0 saisir. C\u2019est un espace qui explore ce qu\u2019on ressent, o\u00f9 on peut comprendre son monde int\u00e9rieur et trouver de la beaut\u00e9 dans les questions qu\u2019on se pose.<\/p><\/div><\/div>\t\t\t\t<\/div>\n\t\t\t\t<div class=\"elementor-element elementor-element-8d5c7fa elementor-widget-divider--view-line elementor-widget elementor-widget-divider\" data-id=\"8d5c7fa\" data-element_type=\"widget\" data-widget_type=\"divider.default\">\n\t\t\t\t\t\t\t<div class=\"elementor-divider\">\n\t\t\t<span class=\"elementor-divider-separator\">\n\t\t\t\t\t\t<\/span>\n\t\t<\/div>\n\t\t\t\t\t\t<\/div>\n\t\t\t\t\t<\/div>\n\t\t\t\t<\/div>\n\t\t<div class=\"elementor-element elementor-element-0449fb4 e-flex e-con-boxed e-con e-parent\" data-id=\"0449fb4\" data-element_type=\"container\" data-settings=\"{&quot;background_background&quot;:&quot;classic&quot;}\">\n\t\t\t\t\t<div class=\"e-con-inner\">\n\t\t\t\t<div class=\"elementor-element elementor-element-19a7cd7 elementor-widget elementor-widget-text-editor\" data-id=\"19a7cd7\" data-element_type=\"widget\" data-widget_type=\"text-editor.default\">\n\t\t\t\t\t\t\t\t\t<p><strong>\u00ab Les \u00e9motions non exprim\u00e9es ne meurent jamais. Elles sont enterr\u00e9es vivantes et reviendront plus tard sous une forme plus laide. \u00bb<\/strong><br data-start=\"852\" data-end=\"855\" \/><strong>\u2014 <em data-start=\"859\" data-end=\"874\">Sigmund Freud<\/em><\/strong><\/p>\t\t\t\t\t\t\t\t<\/div>\n\t\t\t\t\t<\/div>\n\t\t\t\t<\/div>\n\t\t<div class=\"elementor-element elementor-element-7083ac9 e-flex e-con-boxed e-con e-parent\" data-id=\"7083ac9\" data-element_type=\"container\">\n\t\t\t\t\t<div class=\"e-con-inner\">\n\t\t\t\t<div class=\"elementor-element elementor-element-b4a00ac elementor-widget-divider--view-line elementor-widget elementor-widget-divider\" data-id=\"b4a00ac\" data-element_type=\"widget\" data-widget_type=\"divider.default\">\n\t\t\t\t\t\t\t<div class=\"elementor-divider\">\n\t\t\t<span class=\"elementor-divider-separator\">\n\t\t\t\t\t\t<\/span>\n\t\t<\/div>\n\t\t\t\t\t\t<\/div>\n\t\t\t\t\t<\/div>\n\t\t\t\t<\/div>\n\t\t<div class=\"elementor-element elementor-element-7529f94 e-flex e-con-boxed e-con e-parent\" data-id=\"7529f94\" data-element_type=\"container\">\n\t\t\t\t\t<div class=\"e-con-inner\">\n\t\t<div class=\"elementor-element elementor-element-5052076 e-con-full e-flex e-con e-child\" data-id=\"5052076\" data-element_type=\"container\" data-settings=\"{&quot;background_background&quot;:&quot;classic&quot;}\">\n\t\t\t\t<div class=\"elementor-element elementor-element-807e37a elementor-widget elementor-widget-heading\" data-id=\"807e37a\" data-element_type=\"widget\" data-widget_type=\"heading.default\">\n\t\t\t\t\t<h2 class=\"elementor-heading-title elementor-size-default\">Articles<\/h2>\t\t\t\t<\/div>\n\t\t\t\t<div class=\"elementor-element elementor-element-2d51d0f elementor-widget elementor-widget-text-editor\" data-id=\"2d51d0f\" data-element_type=\"widget\" data-widget_type=\"text-editor.default\">\n\t\t\t\t\t\t\t\t\t<p>=&gt;\u00a0<\/p>\t\t\t\t\t\t\t\t<\/div>\n\t\t\t\t<\/div>\n\t\t\t\t<div class=\"elementor-element elementor-element-ba099ed elementor-widget-divider--view-line elementor-widget elementor-widget-divider\" data-id=\"ba099ed\" data-element_type=\"widget\" data-widget_type=\"divider.default\">\n\t\t\t\t\t\t\t<div class=\"elementor-divider\">\n\t\t\t<span class=\"elementor-divider-separator\">\n\t\t\t\t\t\t<\/span>\n\t\t<\/div>\n\t\t\t\t\t\t<\/div>\n\t\t\t\t<div class=\"elementor-element elementor-element-e447556 elementor-widget elementor-widget-heading\" data-id=\"e447556\" data-element_type=\"widget\" data-widget_type=\"heading.default\">\n\t\t\t\t\t<h2 class=\"elementor-heading-title elementor-size-default\">Rubriques<\/h2>\t\t\t\t<\/div>\n\t\t\t\t\t<\/div>\n\t\t\t\t<\/div>\n\t\t<div class=\"elementor-element elementor-element-13cc930 e-flex e-con-boxed e-con e-parent\" data-id=\"13cc930\" data-element_type=\"container\" data-settings=\"{&quot;background_background&quot;:&quot;classic&quot;}\">\n\t\t\t\t\t<div class=\"e-con-inner\">\n\t\t\t\t<div class=\"elementor-element elementor-element-3abb691 elementor-widget elementor-widget-button\" data-id=\"3abb691\" data-element_type=\"widget\" data-widget_type=\"button.default\">\n\t\t\t\t\t\t\t\t\t\t<a class=\"elementor-button elementor-button-link elementor-size-sm elementor-animation-grow\" href=\"https:\/\/entre-les-lignes.ovh\/index.php\/entre-les-plans\/\">\n\t\t\t\t\t\t<span class=\"elementor-button-content-wrapper\">\n\t\t\t\t\t\t\t\t\t<span class=\"elementor-button-text\">Entre les plans<\/span>\n\t\t\t\t\t<\/span>\n\t\t\t\t\t<\/a>\n\t\t\t\t\t\t\t\t<\/div>\n\t\t\t\t<div class=\"elementor-element elementor-element-001dc65 elementor-widget elementor-widget-button\" data-id=\"001dc65\" data-element_type=\"widget\" data-widget_type=\"button.default\">\n\t\t\t\t\t\t\t\t\t\t<a class=\"elementor-button elementor-button-link elementor-size-sm elementor-animation-grow\" href=\"https:\/\/entre-les-lignes.ovh\/index.php\/entre-les-pensees\/\">\n\t\t\t\t\t\t<span class=\"elementor-button-content-wrapper\">\n\t\t\t\t\t\t\t\t\t<span class=\"elementor-button-text\">Entre les pens\u00e9es<\/span>\n\t\t\t\t\t<\/span>\n\t\t\t\t\t<\/a>\n\t\t\t\t\t\t\t\t<\/div>\n\t\t\t\t<div class=\"elementor-element elementor-element-b64fbd1 elementor-widget elementor-widget-button\" data-id=\"b64fbd1\" data-element_type=\"widget\" data-widget_type=\"button.default\">\n\t\t\t\t\t\t\t\t\t\t<a class=\"elementor-button elementor-button-link elementor-size-sm elementor-animation-grow\" href=\"https:\/\/entre-les-lignes.ovh\/index.php\/entre-les-mondes\/\">\n\t\t\t\t\t\t<span class=\"elementor-button-content-wrapper\">\n\t\t\t\t\t\t\t\t\t<span class=\"elementor-button-text\">Entre les mondes<\/span>\n\t\t\t\t\t<\/span>\n\t\t\t\t\t<\/a>\n\t\t\t\t\t\t\t\t<\/div>\n\t\t\t\t\t<\/div>\n\t\t\t\t<\/div>\n\t\t<div class=\"elementor-element elementor-element-4a9ea3f e-flex e-con-boxed e-con e-parent\" data-id=\"4a9ea3f\" data-element_type=\"container\">\n\t\t\t\t\t<div class=\"e-con-inner\">\n\t\t\t\t<div class=\"elementor-element elementor-element-9afa9ec elementor-widget-divider--view-line elementor-widget elementor-widget-divider\" data-id=\"9afa9ec\" data-element_type=\"widget\" data-widget_type=\"divider.default\">\n\t\t\t\t\t\t\t<div class=\"elementor-divider\">\n\t\t\t<span class=\"elementor-divider-separator\">\n\t\t\t\t\t\t<\/span>\n\t\t<\/div>\n\t\t\t\t\t\t<\/div>\n\t\t\t\t\t<\/div>\n\t\t\t\t<\/div>\n\t\t\t\t<\/div>\n\t\t","protected":false},"excerpt":{"rendered":"<p>Entre les lignes Des mots, des \u00e9motions, des id\u00e9es. Un peu de tout, un peu de moi. Entre les mondes Entre les pens\u00e9es Entre les plans Accueil Entre les pens\u00e9es Un refuge pour sonder l\u2019esprit et caresser les \u00e9motions.Psychologie, r\u00e9flexions personnelles et \u00e9clats du quotidien s\u2019y entrelacent, d\u00e9voilant les nuances d\u00e9licates et les territoires invisibles [&hellip;]<\/p>\n","protected":false},"author":1,"featured_media":0,"parent":0,"menu_order":0,"comment_status":"closed","ping_status":"closed","template":"elementor_canvas","meta":{"footnotes":""},"class_list":["post-103","page","type-page","status-publish","hentry"],"_links":{"self":[{"href":"https:\/\/entre-les-lignes.ovh\/index.php\/wp-json\/wp\/v2\/pages\/103","targetHints":{"allow":["GET"]}}],"collection":[{"href":"https:\/\/entre-les-lignes.ovh\/index.php\/wp-json\/wp\/v2\/pages"}],"about":[{"href":"https:\/\/entre-les-lignes.ovh\/index.php\/wp-json\/wp\/v2\/types\/page"}],"author":[{"embeddable":true,"href":"https:\/\/entre-les-lignes.ovh\/index.php\/wp-json\/wp\/v2\/users\/1"}],"replies":[{"embeddable":true,"href":"https:\/\/entre-les-lignes.ovh\/index.php\/wp-json\/wp\/v2\/comments?post=103"}],"version-history":[{"count":37,"href":"https:\/\/entre-les-lignes.ovh\/index.php\/wp-json\/wp\/v2\/pages\/103\/revisions"}],"predecessor-version":[{"id":266,"href":"https:\/\/entre-les-lignes.ovh\/index.php\/wp-json\/wp\/v2\/pages\/103\/revisions\/266"}],"wp:attachment":[{"href":"https:\/\/entre-les-lignes.ovh\/index.php\/wp-json\/wp\/v2\/media?parent=103"}],"curies":[{"name":"wp","href":"https:\/\/api.w.org\/{rel}","templated":true}]}}